ermine q(1).
-13
Suppose -534 + 530 = -4*l. Let o(p) = -1 + 19*p + 1 - 15*p + l. What is o(-4)?
-15
Let j = 122 - 118. Suppose 5 + 1 = 2*x + b, -j*b + 8 = 0. Let o(z) = 11*z - 1. Let m(t) = 11*t - 1. Let a(k) = 2*m(k) - 3*o(k). Calculate a(x).
-21
Let f(x) = -5*x + 4932 - x - 2472 - 2442. Calculate f(-2).
30
Let c = 1262 + -1268. Let k(r) = -2*r**3 - 21*r**2 + 10*r - 17. Let p(t) = t**3 + 11*t**2 - 5*t + 9. Let n(y) = 6*k(y) + 11*p(y). Determine n(c).
3
Let s(k) = 0 + 2 - 270*k**3 + 2*k**2 + 264*k**3. Let q = 9 + -4. Let x(c) = -5*c**3 + c**2 + 2. Let a(v) = q*x(v) - 4*s(v). Give a(-3).
2
Let t be (-11 - 6)/(-85)*(-2 - -7). Let l(w) be the second derivative of -7*w**5/20 + w**3/6 - w**2/2 - 4*w. Calculate l(t).
-7
Let j(v) be the third derivative of -v**5/60 - 17*v**4/24 - 19*v**3/6 - 3*v**2 - 9*v + 8. Calculate j(-16).
-3
Suppose 19 = 5*p - 4*r, 3*p - r = -50 + 60. Let g(o) be the third derivative of 1/2*o**3 + 0 + 1/24*o**4 + p*o**2 + 0*o. Calculate g(0).
3
Let c(j) = 3625 - 14*j - 7284 + 3631. Calculate c(-3).
14
Let z = -7 - -17. Let t be (-2)/(-5) - (-46)/z. Let w(v) = 5*v**2 - 3287*v - 2. Let p(u) = 4*u**2 - 2466*u - 3. Let y(a) = -4*p(a) + 3*w(a). Give y(t).
-4
Let j(u) = 42*u + 29*u - 29*u**2 - 59*u + 15 + 20*u**2 - u**3. Suppose 0*y - y = 10. Give j(y).
-5
Let f(d) = 26*d**2 - 5*d - 1. Let c be f(-1). Suppose c = 10*v - 0*v. Let h(o) = -o**2 + 2*o + 2. Give h(v).
-1
Let a(d) = -5*d + 8. Suppose -13*c + 30 = -75 - 64. Determine a(c).
-57
Let i(f) = -6129*f - 6*f**2 + 15 + 5*f**2 + 6136*f. Calculate i(13).
-63
Let m(n) be the third derivative of 7*n**4/12 - 23*n**3/6 + 12*n**2. Let k be m(2). Let o(v) = v**2 - 2*v - 6. Give o(k).
9
Let t(k) = k**2 + 5*k. Let g(w) = -43*w - 212 - 23*w + 59*w. Let q be g(-30). What is t(q)?
-6
Let y(j) = -4*j + 78. Let s(k) = k**3 + 9*k**2 - 109*k + 3. Let i be s(7). Determine y(i).
-18
Let b(t) = -154*t + 3700. Let g be b(24). Let p(k) = 4*k - 10. Give p(g).
6
Suppose -9 = 26*u - 23*u. Let m(q) = 2*q**3 + 15*q**2 + 16*q - 6. Let n(d) = d**3 + 8*d**2 + 9*d - 3. Let h(s) = 3*m(s) - 5*n(s). What is h(u)?
6
Let d(j) = 168682*j + 123 + 168680*j - 337368*j. Determine d(14).
39
Let p(z) = z**2 - 5*z - 2. Suppose 5*i = -t - 13, -2*i + 2 = -0*t - 2*t. Let r(l) = -2*l**2 + 6*l + 4. Let o(h) = t*p(h) - 2*r(h). Determine o(-3).
-2
Let w = 25 - 15. Let n(p) = 11*p**3 + 17*p**2 - 13*p - 4. Let h(k) = 7*k**3 + 15*k**2 - 12*k - 2. Let s(d) = 3*h(d) - 2*n(d). Calculate s(w).
2
Let m(w) be the third derivative of -w**6/120 + 2*w**5/15 - 7*w**4/24 - w**3/6 + 14*w**2. What is m(7)?
-1
Let g(p) = 285*p + 2289. Let k be g(-8). Let t(w) = -w**2 + 9*w - 8. What is t(k)?
-8
Let v = 386 - 385. Let q be 4/(-6) + 10*10/15. Let z(o) = -o + 0 + 4 - 3 - q*o**2. What is z(v)?
-6
Let x(s) be the first derivative of 5*s**3/3 - s**2/2 - 5. Suppose -15*i + 10 = 55. Let v be i/(-9)*-2*24/(-16). Give x(v).
4
Let l(f) = f - 7. Let a = -46 + 12. Let m = a + 37. Suppose -s - m*h + 19 = 0, -s - h + 32 = 3*s. What is l(s)?
0
Let c(v) = 9*v + 12. Let y = -21271 - -21269. Calculate c(y).
-6
Let c(v) = -v - 31. Suppose 5*j - 2 = u, -3*u - 171*j = -172*j + 104. Give c(u).
6
Let u(x) = 35 - 22 + 7*x + x - 4*x + 16. Give u(-13).
-23
Let g(u) be the first derivative of u**4/4 - 2*u**3 - u**2 + 8*u + 8. Suppose 106*c - 126*c + 120 = 0. Give g(c).
-4
Suppose 0 = n + 18 - 20. Let l(i) = -22*i**3 + 10*i**2 + 4*i + 9. Let b(q) = 5*q**3 - 2*q**2 - q - 2. Let a(t) = 9*b(t) + 2*l(t). What is a(n)?
14
Let q(i) = -i - 1. Suppose 5*t - 2*d = d - 6, 2 = -2*t + d. Let m = t + 34. Suppose -3*v - 24 = 3*p - 0*v, 0 = -3*p - 5*v - m. Calculate q(p).
2
Let i(u) = 67*u - 84. Let f be i(-8). Let a = f - -626. Let q(z) = 2*z**2 - 9*z + 6. Determine q(a).
24
Suppose 2*h + 2*h + 22 = -5*u, 3*u + 5*h = -8. Let t be u/96*-12*4. Let f(r) = 1 + 0*r**2 - 2*r**3 - 3*r**2 - 2*r + 3*r**3. What is f(t)?
-5
Let z(q) = 20*q + 472. Let a(g) = g**3 - 13*g**2 - 54*g + 73. Let i be a(16). Give z(i).
12
Let g(d) = d**2 - 19*d + 4. Let x be g(19). Suppose -4*k = -2*l + 34, -x*l - 5*k = -k - 8. Let h(o) = -o**2 + 8*o + 1. Give h(l).
8
Let o(d) be the third derivative of d**5/60 - d**4/4 + 3*d**2 - 93*d. Suppose -4 = -3*x + 8. Determine o(x).
-8
Suppose 3*t - 3*k - 94 = -5*k, -2*t - k = -64. Let f(n) = -18*n**2 - 1 - 10*n**3 - 14*n**2 + t*n**2. Suppose -2 = 3*j + 1. Determine f(j).
11
Suppose -9*l + l - 3*l + 33 = 0. Let a(f) = 3*f**2 - 5*f + 12. Calculate a(l).
24
Let u(k) = -k**3 - 4*k**2 + 4*k - 7. Suppose -6*j = -j + 205. Let l = j + 35. Let z(r) = r**3 + 6*r**2 + r + 1. Let y be z(l). What is u(y)?
-2
Let b(r) = -r + 3. Let h(n) = n - 4. Let f be h(4). Suppose -6 = 2*y - 0, f = 5*m + 3*y - 6. Suppose -m = -2*k + 3. What is b(k)?
0
Let x(w) be the second derivative of w**4/6 - w**3 + w**2/2 + 3030*w. Suppose -g = -3, 0 - 14 = -4*i + 2*g. Determine x(i).
21
Let k(g) be the first derivative of g**7/168 + g**6/360 + 76*g**3 - 141. Let a(c) be the third derivative of k(c). Determine a(1).
6
Let g(r) = 3*r**3 - 35*r**2 - 118*r - 64. Let i(z) = -7*z**3 + 88*z**2 + 291*z + 159. Let k(x) = -12*g(x) - 5*i(x). Determine k(-18).
27
Let y(q) = 204*q**3 - 626*q**3 + 201*q**3 + 24*q - 26*q**2 + 222*q**3 + 6. What is y(25)?
-19
Let w(f) = -f**2 + 38*f - 65. Let y be w(36). Let s(l) = 0*l + 6 + 3*l - 2*l + 1. Calculate s(y).
14
Let k(y) be the first derivative of 2*y - 72 - 11/3*y**3 - 1/4*y**4 + 0*y**2. Calculate k(-11).
2
Let j be 2/21 - (-87431)/357. Let g = j + -243. Let p(x) = 2*x**2 - 2. Calculate p(g).
6
Let m(b) be the third derivative of b**9/60480 - b**8/2520 - b**7/504 + b**6/60 - 3*b**5/5 - 67*b**2. Let v(o) be the third derivative of m(o). Determine v(9).
3
Let n(t) = 2*t**3 - t - 1. Let u(p) = -p**3 + 8*p**2 + 10*p - 3. Let j be u(9). Suppose 5 = -j*b - 1. Let y be (17/17)/(b - 0). Calculate n(y).
-2
Let z(j) = 54*j**2 - 21*j + 7. Let h(v) = 13*v**2 - 5*v + 1. Let i(p) = 25*h(p) - 6*z(p). What is i(9)?
73
Let n(c) = 13*c - 2 + 4*c - 12*c + 10*c - 3*c + c**2. Calculate n(5).
83
Suppose 0*x = -9*x - 990. Let i be 11/x - (-61)/10. Let h(p) = 2*p**2 - 9*p + 5. Calculate h(i).
23
Let i(c) be the first derivative of -c**4/4 - c**3 + 3*c**2/2 - 8*c + 89. What is i(-5)?
27
Let f = 2914 - 2920. Let g(s) = -3*s**3 - 18*s**2 - 3*s + 3. What is g(f)?
21
Let y(f) = 9*f - 68. Suppose 0 = 7*n - 4*n + 4*i - 10, 4*n + 5*i = 14. Let p(r) = 2*r - 15. Let d(k) = n*y(k) - 26*p(k). Calculate d(6).
-6
Let o(i) = 11914 - 14*i**2 - 11907 + 6*i - 8*i**2 + 10*i**2. Calculate o(-2).
-53
Let g(i) = i**2 - 21*i - 238. Suppose 107 = 4*a - 3*l, -49 = -2*a - 10*l + 13*l. Calculate g(a).
-6
Let u(c) = 3*c - 5. Let y(l) = -2*l + 12. Let m(w) = 2*u(w) + 6*y(w). Calculate m(10).
2
Let z(h) = 3*h**3 + h. Let r be ((-68)/(-816))/((-3)/(-36)). Determine z(r).
4
Let u(m) = -2*m - m + 4*m - 17. Suppose -40 = -4*d + 8*s - 4*s, -5*d + 2*s + 50 = 0. What is u(d)?
-7
Let f(g) be the second derivative of g**5/120 + 5*g**4/12 + g**3/2 + g**2/2 + 31*g. Let x(l) be the second derivative of f(l). Calculate x(0).
10
Let w(b) be the second derivative of -b**5/20 - 2*b**4/3 - 7*b**3/2 - 26*b**2 - 6863*b. Give w(-5).
-22
Let q = 20 - 28. Let c be (-19)/(-7) + q/(-28). Let o(y) = y - 3 - 1 + 3 + c. Give o(6).
8
Suppose 19*o + o - 72 = -4*o. Let b(w) = -2*w**3 - w**2 + w + 2. Calculate b(o).
-58
Let w(l) = l**2 + 4*l + 4. Let n = -123 + 127. Suppose -10 = 2*q - n. Determine w(q).
1
Let d(z) be the first derivative of z**2 + 3*z + 531. What is d(1)?
5
Let m(k) = 11*k + 104. Suppose 0 = 2*f - 8*o + 9*o + 21, -2*o - 2 = 0. Give m(f).
-6
Let u(o) be the first derivative of 3*o + 1/2*o**2 - 31. Calculate u(4).
7
Let n(f) = 19*f + 200. Let k be n(-11). Let d(x) = 5*x**2 - 49*x - 48. Let a(r) = r**2 - 12*r - 12. Let m(g) = 9*a(g) - 2*d(g). Give m(k).
-3
Let p be 8/3 - 11/(33/2). Let b(t) = 1396*t + p - 3 - 1395*t. Give b(-4).
-5
Suppose 3*h + 4*r = 5*r - 31, 0 = -3*h + 3*r - 21. Let a(u) = 14*u + 167. Calculate a(h).
-1
Let j(h) be the first derivative of h**3/3 + 2*h**2 + 5*h - 1. Suppose -1520*b + 1521*b + 3 = 0. Determine j(b).
2
Suppose -142 = -11*k - 0*k - 263. Let g(x) = -x**2 - 14*x + 9. Give g(k).
42
Let l(n) = -4*n - 3. Let t(q) be the third derivative of 7*q**4/24 + 5*q**3/6 - 153*q**2. Let s(h) = 3*l(h) + 2*t(h). What is s(-5)?
-9
Let j = 